{"id":953,"date":"2015-10-08T14:44:42","date_gmt":"2015-10-08T14:44:42","guid":{"rendered":"http:\/\/lasertecbrasil.com.br\/?page_id=953"},"modified":"2016-03-30T14:53:10","modified_gmt":"2016-03-30T14:53:10","slug":"953-2","status":"publish","type":"page","link":"https:\/\/lasertecbrasil.com.br\/index.php\/953-2\/","title":{"rendered":""},"content":{"rendered":"<div style=\"position: relative; width: 800px; left: 50px; text-align: center;\">\n<h1 style=\"text-align: left;\"><span style=\"color: #003366;\">Agenda de Eventos<\/span><\/h1>\n<table style=\"height: 265px; width: 800px;\" border=\"1\" width=\"800\" cellspacing=\"0\" cellpadding=\"0\">\n<tbody>\n<tr>\n<td valign=\"bottom\" nowrap=\"nowrap\" width=\"84\"><b>EVENTO<\/b><\/td>\n<td valign=\"bottom\" nowrap=\"nowrap\" width=\"82\"><b>CIDADE \/ ESTADO<\/b><\/td>\n<td valign=\"bottom\" nowrap=\"nowrap\" width=\"67\"><b>DATA<\/b><\/td>\n<td valign=\"bottom\" nowrap=\"nowrap\" width=\"228\"><b>SITE<\/b><\/td>\n<\/tr>\n<tr>\n<td valign=\"bottom\" nowrap=\"nowrap\" width=\"84\"><strong>31\u00aa Feira Internacional da Mec\u00e2nica<\/strong><\/td>\n<td valign=\"bottom\" nowrap=\"nowrap\" width=\"82\">ANHEMBI &#8211; SP<\/td>\n<td valign=\"bottom\" nowrap=\"nowrap\" width=\"67\">De 17\u00a0a\u00a021 de maio de 2016<\/td>\n<td valign=\"bottom\" nowrap=\"nowrap\" width=\"228\"><a href=\"http:\/\/www.mecanica.com.br\/\" target=\"_blank\">http:\/\/www.mecanica.com.br\/<\/a><\/td>\n<\/tr>\n<tr>\n<td valign=\"bottom\" nowrap=\"nowrap\" width=\"84\"><strong>FEIMEC<\/strong><\/td>\n<td valign=\"bottom\" nowrap=\"nowrap\" width=\"82\">Centro de Exposi\u00e7\u00f5es S\u00e3o Paulo Expo<\/td>\n<td valign=\"bottom\" nowrap=\"nowrap\" width=\"67\">De 03 a 07 de maio de 2016<\/td>\n<td valign=\"bottom\" nowrap=\"nowrap\" width=\"228\"><a href=\"http:\/\/www.feimec.com.br\/Home\/Index\" target=\"_blank\">www.feimec.com.br\/Home\/<\/a><\/td>\n<\/tr>\n<tr>\n<td valign=\"bottom\" nowrap=\"nowrap\" width=\"84\"><strong>FEIMAFE<\/strong><\/td>\n<td valign=\"bottom\" nowrap=\"nowrap\" width=\"82\">ANHEMBI &#8211; SP<\/td>\n<td valign=\"bottom\" nowrap=\"nowrap\" width=\"67\">De 18\u00a0a\u00a023 de maio de 2015<\/td>\n<td valign=\"bottom\" nowrap=\"nowrap\" width=\"228\"><a href=\"http:\/\/www.feimafe.com.br\/\" target=\"_blank\">http:\/\/www.feimafe.com.br\/<\/a><\/td>\n<\/tr>\n<tr>\n<td valign=\"bottom\" nowrap=\"nowrap\" width=\"84\"><strong>MECSHOW ES<\/strong><\/td>\n<td valign=\"bottom\" nowrap=\"nowrap\" width=\"82\">SERRA &#8211; ES<\/td>\n<td valign=\"bottom\" nowrap=\"nowrap\" width=\"67\">De 28\u00a0a\u00a031 de julho de 2016<\/td>\n<td valign=\"bottom\" nowrap=\"nowrap\" width=\"228\"><a href=\"http:\/\/www.mecshow.com.br\/site\/2014\/pt\/home\" target=\"_blank\">http:\/\/www.mecshow.com.br\/site\/2014\/pt\/home<\/a><\/td>\n<\/tr>\n<tr>\n<td rowspan=\"1\" valign=\"bottom\" nowrap=\"nowrap\" width=\"84\"><strong>MACTOOLS<\/strong><\/td>\n<td rowspan=\"1\" valign=\"bottom\" nowrap=\"nowrap\" width=\"82\">GOIANIA -GO<\/td>\n<td rowspan=\"1\" valign=\"bottom\" nowrap=\"nowrap\" width=\"67\">De 11\u00a0a\u00a014 de agosto de 2015<\/td>\n<td rowspan=\"1\" valign=\"bottom\" nowrap=\"nowrap\" width=\"228\"><a href=\"http:\/\/www.feiramactools.com.br\/\" target=\"_blank\">http:\/\/www.feiramactools.com.br\/<br \/>\n<\/a><\/td>\n<\/tr>\n<tr>\n<td rowspan=\"1\" valign=\"bottom\" nowrap=\"nowrap\" width=\"84\"><strong>3\u00aa FEBRAVA<\/strong><\/td>\n<td rowspan=\"1\" valign=\"bottom\" nowrap=\"nowrap\" width=\"82\">S\u00c3O PAULO-SP<\/td>\n<td rowspan=\"1\" valign=\"bottom\" nowrap=\"nowrap\" width=\"67\">De 22 a 25 de setembro de 2015<\/td>\n<td rowspan=\"1\" valign=\"bottom\" nowrap=\"nowrap\" width=\"228\"><a href=\"http:\/\/lasertecbrasil.com.br\/index.php\/3o-febrava-2015\" target=\"_blank\">http:\/\/www.feiramactools.com.br\/<br \/>\n<\/a><\/td>\n<\/tr>\n<tr>\n<td rowspan=\"1\" valign=\"bottom\" nowrap=\"nowrap\" width=\"84\"><strong>MERCOPAR<\/strong><\/td>\n<td rowspan=\"1\" valign=\"bottom\" nowrap=\"nowrap\" width=\"82\">CAXIAS DO SUL &#8211; RS<\/td>\n<td rowspan=\"1\" valign=\"bottom\" nowrap=\"nowrap\" width=\"67\">De 06\u00a0a\u00a009 de outubro de 2015<\/td>\n<td rowspan=\"1\" valign=\"bottom\" nowrap=\"nowrap\" width=\"228\"><a href=\"http:\/\/www.mercopar.com.br\/\" target=\"_blank\"><br \/>\nhttp:\/\/www.mercopar.com.br\/<br \/>\n<\/a><\/td>\n<\/tr>\n<tr>\n<td rowspan=\"1\" valign=\"bottom\" nowrap=\"nowrap\" width=\"84\"><strong>CORTE &amp; CONFORMA\u00c7\u00c3O<\/strong><\/td>\n<td rowspan=\"1\" valign=\"bottom\" nowrap=\"nowrap\" width=\"82\">EXPO CENTER NORTE<\/td>\n<td rowspan=\"1\" valign=\"bottom\" nowrap=\"nowrap\" width=\"67\">De 20\u00a0a 23 de outubro de 2015<\/td>\n<td rowspan=\"1\" valign=\"bottom\" nowrap=\"nowrap\" width=\"228\"><a href=\"http:\/\/www.nfeiras.com\/corte-conformacao-metais\/\" target=\"_blank\">http:\/\/www.nfeiras.com\/corte-conformacao-metais<br \/>\n<\/a><\/td>\n<\/tr>\n<\/tbody>\n<\/table>\n<\/div>\n","protected":false},"excerpt":{"rendered":"<p>Agenda de Eventos EVENTO CIDADE \/ ESTADO DATA SITE 31\u00aa Feira Internacional da Mec\u00e2nica ANHEMBI &#8211; SP De 17\u00a0a\u00a021 de maio de 2016 http:\/\/www.mecanica.com.br\/ FEIMEC Centro de Exposi\u00e7\u00f5es S\u00e3o Paulo Expo De 03 a 07 de maio de 2016 www.feimec.com.br\/Home\/ &hellip; <a href=\"https:\/\/lasertecbrasil.com.br\/index.php\/953-2\/\">Continuar lendo <span class=\"meta-nav\">&raquo;<\/span><\/a><\/p>\n","protected":false},"author":1,"featured_media":0,"parent":0,"menu_order":0,"comment_status":"closed","ping_status":"closed","template":"full-width-page.php","meta":{"footnotes":""},"_links":{"self":[{"href":"https:\/\/lasertecbrasil.com.br\/index.php\/wp-json\/wp\/v2\/pages\/953"}],"collection":[{"href":"https:\/\/lasertecbrasil.com.br\/index.php\/wp-json\/wp\/v2\/pages"}],"about":[{"href":"https:\/\/lasertecbrasil.com.br\/index.php\/wp-json\/wp\/v2\/types\/page"}],"author":[{"embeddable":true,"href":"https:\/\/lasertecbrasil.com.br\/index.php\/wp-json\/wp\/v2\/users\/1"}],"replies":[{"embeddable":true,"href":"https:\/\/lasertecbrasil.com.br\/index.php\/wp-json\/wp\/v2\/comments?post=953"}],"version-history":[{"count":17,"href":"https:\/\/lasertecbrasil.com.br\/index.php\/wp-json\/wp\/v2\/pages\/953\/revisions"}],"predecessor-version":[{"id":1006,"href":"https:\/\/lasertecbrasil.com.br\/index.php\/wp-json\/wp\/v2\/pages\/953\/revisions\/1006"}],"wp:attachment":[{"href":"https:\/\/lasertecbrasil.com.br\/index.php\/wp-json\/wp\/v2\/media?parent=953"}],"curies":[{"name":"wp","href":"https:\/\/api.w.org\/{rel}","templated":true}]}}